{"id":2,"date":"2010-01-25T10:59:44","date_gmt":"2010-01-25T10:59:44","guid":{"rendered":"http:\/\/meonlinehu.web-server.hu\/?page_id=2"},"modified":"2021-12-30T20:40:43","modified_gmt":"2021-12-30T19:40:43","slug":"kapcsolat","status":"publish","type":"page","link":"https:\/\/meonline.hu\/en\/kapcsolat\/","title":{"rendered":"Kapcsolat"},"content":{"rendered":"<h1 style=\"font-weight: 600;\">Kapcsolat<\/h1>\n<p><span style=\"font-size: 16px;\">A r\u00e9gi-\u00faj&nbsp;<\/span><i style=\"font-size: 16px;\"><span style=\"font-weight: 400;\">Magyar \u00c9p\u00edt\u0151m\u0171v\u00e9szet \/\/ Hungarian Architecture<\/span><\/i><span style=\"font-size: 16px;\">&nbsp;a magyar kultur\u00e1lis \u00e9let egyik legr\u00e9gebben fenn\u00e1ll\u00f3, 2013-ban 100. \u00e9v\u00e9t \u00fcnnepl\u0151 foly\u00f3irata, alapvet\u0151 kordokumentuma, amely Magyarorsz\u00e1gon egyed\u00fcl\u00e1ll\u00f3 m\u00f3don, vez\u00e9rfonal\u00e1t \u00fczleti szempontok helyett az \u00e9p\u00edt\u00e9szeti min\u0151s\u00e9g \u00e9s a kult\u00fara ment\u00e9n fogalmazza meg. Olyan \u00e1tfog\u00f3 k\u00e9pet ad a kort\u00e1rs hazai \u00e9s nemzetk\u00f6zi \u00e9p\u00edt\u00e9szet eredm\u00e9nyeir\u0151l, amely a szakma folyamatos fejl\u0151d\u00e9s\u00e9ben, az oktat\u00e1sban, a konkr\u00e9t tervez\u0151i gyakorlatban \u00e9s \u2013 az \u00e9p\u00edt\u00e9szet hagyom\u00e1nyainak megfelel\u0151en a m\u0171fajokat \u00f6sszefog\u00f3 \u2013 \u00e1ltal\u00e1nos vizu\u00e1lis m\u0171velts\u00e9gben egyar\u00e1nt ir\u00e1nymutat\u00f3, illetve t\u00e1j\u00e9koz\u00f3d\u00e1st biztos\u00edt, a szakm\u00e1nak \u00e9s az \u00e9rdekl\u0151d\u0151 sz\u00e9lesebb k\u00f6z\u00f6ns\u00e9gnek egyar\u00e1nt.&nbsp;<\/span>A r\u00e9gi-\u00faj Magyar \u00c9p\u00edt\u0151m\u0171v\u00e9szet \u00e9vi 6 lapsz\u00e1mmal, minden m\u00e1sodik h\u00f3napban jelenik meg.<\/p>\n<p><strong>Szerkeszt\u0151s\u00e9g<\/strong><\/p>\n<p>\u00c9p\u00edt\u00e9szek H\u00e1za &#8211; Magyar \u00c9p\u00edt\u0151m\u0171v\u00e9szek Sz\u00f6vets\u00e9g\u00e9nek sz\u00e9kh\u00e1za<br \/>\nC\u00edm: 1088 Budapest, \u00d6tpacsirta u. 2.<br \/>\nE-mail: epitomuveszet(at)gmail.com<br \/>\nTelefon: +36 1 318 2444 (116-os mell\u00e9k)<\/p>\n<p>Szerd\u00e1nk\u00e9nt 10-16 \u00f3ra k\u00f6z\u00f6tt, az I. emeleti irod\u00e1ban tartjuk a szerkeszt\u0151s\u00e9gi napot.<br \/>\nEl\u0151fizet\u00e9ssel kapcsolatos \u00fcgyint\u00e9z\u00e9s: kedd d\u00e9lel\u0151tt<\/p>\n<p>\u00c9p\u00edt\u00e9szeti esem\u00e9nyek bemutatkoz\u00f3 anyag\u00e1t (helysz\u00edn, id\u0151pont, le\u00edr\u00e1s, k\u00e9p) az epitomuveszet(at)gmail.com e-mail c\u00edmen v\u00e1rjuk!<\/p>\n<p>Lapalap\u00edt\u00f3 (1903) \u00e9s kiad\u00f3: Magyar \u00c9p\u00edt\u0151m\u0171v\u00e9szek Sz\u00f6vets\u00e9ge<br \/>\n1088 Budapest \u00d6tpacsirta u 2.<\/p>\n<p>Foly\u00f3irat t\u00e1mogat\u00f3k: Nemzeti Kultur\u00e1lis Alap<\/p>\n<p>Felel\u0151s kiad\u00f3: Krizs\u00e1n Andr\u00e1s, a M\u00c9SZ eln\u00f6ke<br \/>\nF\u0151szerkeszt\u0151: Szeg\u0151 Gy\u00f6rgy DLA<br \/>\nF\u0151munkat\u00e1rs: Botzheim B\u00e1lint<br \/>\nOlvas\u00f3szerkeszt\u0151: G\u00f6tz Eszter<br \/>\nFot\u00f3szerkeszt\u0151: Bujnovszky Tam\u00e1s<\/p>\n<p>Nyomdai el\u0151k\u00e9sz\u00edt\u00e9s: Kludov\u00e1cz Andr\u00e1s<br \/>\nNyomtat\u00e1s: deMax M\u0171vek<br \/>\nLapterv: Kludov\u00e1cz Andr\u00e1s<\/p>\n<p><strong>meonline.hu<\/strong><br \/>\nWebszerkeszt\u0151:&nbsp;Sch\u00e4ffer Zsuzsa<br \/>\nVizu\u00e1lis kult\u00fara &#8211; rovatszerkeszt\u0151: Hornyik S\u00e1ndor<\/p>\n<p><strong>HIRDET\u00c9SFELV\u00c9TEL<\/strong><br \/>\nHirdet\u00e9sszervez\u0151: Cser M\u00e1rta<br \/>\nTel: +36 20 484 9044<br \/>\ne-mail: <a href=\"mailto:epitomuveszet@gmail.com\">epitomuveszet@gmail.com<\/a><\/p>\n<p>Terjeszti a M\u00c9SZ megb\u00edz\u00e1s\u00e1b\u00f3l a M\u00c9 szerkeszt\u0151s\u00e9ge<\/p>\n<p><strong>EL\u0150FIZETHET\u0150<\/strong> a szerkeszt\u0151s\u00e9gben vagy online webshopunkban: <a href=\"http:\/\/webshop.meonline.hu\">webshop.meonline.hu<\/a><br \/>\nEl\u0151fizet\u00e9sben terjeszti tov\u00e1bb\u00e1 a Magyar Posta Zrt. H\u00edrlap \u00dczlet\u00e1ga. El\u0151fizethet\u0151 az orsz\u00e1g b\u00e1rmely post\u00e1j\u00e1n, a h\u00edrlapk\u00e9zbes\u00edt\u0151kn\u00e9l, Budapesten a H\u00edrlap Ter\u00fcleti K\u00e9pviseleteken.<br \/>\nE-mail: <a href=\"mailto:hirlapelopfizetes@posta.hu\">hirlapelopfizetes@posta.hu<\/a><br \/>\nTov\u00e1bbi inform\u00e1ci\u00f3: 60 80 444&nbsp;444<\/p>\n<p>El\u0151fizet\u00e9si d\u00edj egy \u00e9vre: 8.700 Ft<br \/>\nK\u00fclf\u00f6ldre: Eur\u00f3p\u00e1ba 87 EUR, tengerent\u00falra 128 USD<br \/>\nEgy lapsz\u00e1m \u00e1ra: 1.580 Ft<\/p>\n<p>KEDVEZM\u00c9NYEK:<br \/>\nA di\u00e1k el\u0151fizet\u00e9s (\u00e9rv\u00e9nyes di\u00e1kigazolv\u00e1ny m\u00e1solatot k\u00e9r\u00fcnk): 6.600 Ft \/ \u00e9v.<br \/>\nVisszamen\u0151leges speci\u00e1lis ig\u00e9nyeket, hi\u00e1nyz\u00f3 lapsz\u00e1mok megrendel\u00e9s\u00e9t \u2013 a lehet\u0151s\u00e9gek f\u00fcggv\u00e9ny\u00e9ben \u2013 kedvezm\u00e9nyesen teljes\u00edtj\u00fck.<\/p>\n<p><strong>A r\u00e9gi-\u00faj Magyar \u00c9p\u00edt\u0151m\u0171v\u00e9szet megv\u00e1s\u00e1rolhat\u00f3<\/strong><br \/>\na nagyobb IMMEDIO h\u00edrlap\u00e1rusokn\u00e1l, illetve&nbsp;a k\u00f6vetkez\u0151 k\u00f6nyvesboltokban:<br \/>\nFUGA 1052 Budapest, Pet\u0151fi S\u00e1ndor utca 5.<br \/>\n\u00cdr\u00f3k boltja 1061 Budapest, Andr\u00e1ssy \u00fat 45.<br \/>\n\u00c9p\u00edt\u00e9s\u00fcgyi T\u00e1j\u00e9koztat\u00e1si K\u00f6zpont 1074 Budapest, H\u00e1rsfa utca 19.<br \/>\nR\u00e9csei L\u00edra Szakk\u00f6nyv\u00e1ruh\u00e1z 1146 Budapest, Istv\u00e1nmezei \u00fat 6.<br \/>\nVince Gal\u00e9ria \u00e9s K\u00f6nyvesbolt 1072 Budapest, Klauz\u00e1l t\u00e9r 13.<br \/>\nM\u0171v\u00e9szetek Palot\u00e1ja 1095 Budapest, Komor Marcell utca 1.<br \/>\nVince K\u00f6nyvesbolt 1013 Budapest, Krisztina k\u00f6r\u00fat 34.<br \/>\nBudagy\u00f6ngye Bev\u00e1s\u00e1rl\u00f3k\u00f6zpont 1026 Budapest, Szil\u00e1gyi Erzs\u00e9bet fasor 121.<\/p>\n<p><strong>A Magyar \u00c9p\u00edt\u0151m\u0171v\u00e9szek Sz\u00f6vets\u00e9ge banksz\u00e1mlasz\u00e1ma:<\/strong> K&amp;H Bank 10201006-50197952<br \/>\nAd\u00f3sz\u00e1m: 19661380-2-42<\/p>\n<p>&nbsp;<\/p>\n<p><img loading=\"lazy\" class=\"alignnone size-full wp-image-12871\" src=\"http:\/\/meonline.hu\/wp-content\/uploads\/2010\/01\/impresszum.jpg\" alt=\"impresszum\" width=\"600\" height=\"312\" srcset=\"https:\/\/meonline.hu\/wp-content\/uploads\/2010\/01\/impresszum.jpg 600w, https:\/\/meonline.hu\/wp-content\/uploads\/2010\/01\/impresszum-250x130.jpg 250w, https:\/\/meonline.hu\/wp-content\/uploads\/2010\/01\/impresszum-300x156.jpg 300w\" sizes=\"(max-width: 600px) 100vw, 600px\" \/><\/p>\n<p>&nbsp;<\/p>\n","protected":false},"excerpt":{"rendered":"<p>Kapcsolat A r\u00e9gi-\u00faj&nbsp;Magyar \u00c9p\u00edt\u0151m\u0171v\u00e9szet \/\/ Hungarian Architecture&nbsp;a magyar kultur\u00e1lis \u00e9let egyik legr\u00e9gebben fenn\u00e1ll\u00f3, 2013-ban 100. \u00e9v\u00e9t \u00fcnnepl\u0151 foly\u00f3irata, alapvet\u0151 kordokumentuma, amely Magyarorsz\u00e1gon egyed\u00fcl\u00e1ll\u00f3 m\u00f3don, vez\u00e9rfonal\u00e1t \u00fczleti szempontok helyett az \u00e9p\u00edt\u00e9szeti min\u0151s\u00e9g \u00e9s a kult\u00fara ment\u00e9n fogalmazza meg. Olyan \u00e1tfog\u00f3 k\u00e9pet ad a kort\u00e1rs hazai \u00e9s nemzetk\u00f6zi \u00e9p\u00edt\u00e9szet eredm\u00e9nyeir\u0151l, amely a szakma folyamatos fejl\u0151d\u00e9s\u00e9ben, az oktat\u00e1sban, [&hellip;]<\/p>\n","protected":false},"author":1,"featured_media":12871,"parent":0,"menu_order":1,"comment_status":"closed","ping_status":"closed","template":"","meta":{"ngg_post_thumbnail":0},"_links":{"self":[{"href":"https:\/\/meonline.hu\/en\/wp-json\/wp\/v2\/pages\/2"}],"collection":[{"href":"https:\/\/meonline.hu\/en\/wp-json\/wp\/v2\/pages"}],"about":[{"href":"https:\/\/meonline.hu\/en\/wp-json\/wp\/v2\/types\/page"}],"author":[{"embeddable":true,"href":"https:\/\/meonline.hu\/en\/wp-json\/wp\/v2\/users\/1"}],"replies":[{"embeddable":true,"href":"https:\/\/meonline.hu\/en\/wp-json\/wp\/v2\/comments?post=2"}],"version-history":[{"count":117,"href":"https:\/\/meonline.hu\/en\/wp-json\/wp\/v2\/pages\/2\/revisions"}],"predecessor-version":[{"id":39133,"href":"https:\/\/meonline.hu\/en\/wp-json\/wp\/v2\/pages\/2\/revisions\/39133"}],"wp:featuredmedia":[{"embeddable":true,"href":"https:\/\/meonline.hu\/en\/wp-json\/wp\/v2\/media\/12871"}],"wp:attachment":[{"href":"https:\/\/meonline.hu\/en\/wp-json\/wp\/v2\/media?parent=2"}],"curies":[{"name":"wp","href":"https:\/\/api.w.org\/{rel}","templated":true}]}}

<h1 style="font-weight: 600;">Kapcsolat</h1>
<p><span style="font-size: 16px;">A régi-új&nbsp;</span><i style="font-size: 16px;"><span style="font-weight: 400;">Magyar Építőművészet // Hungarian Architecture</span></i><span style="font-size: 16px;">&nbsp;a magyar kulturális élet egyik legrégebben fennálló, 2013-ban 100. évét ünneplő folyóirata, alapvető kordokumentuma, amely Magyarországon egyedülálló módon, vezérfonalát üzleti szempontok helyett az építészeti minőség és a kultúra mentén fogalmazza meg. Olyan átfogó képet ad a kortárs hazai és nemzetközi építészet eredményeiről, amely a szakma folyamatos fejlődésében, az oktatásban, a konkrét tervezői gyakorlatban és – az építészet hagyományainak megfelelően a műfajokat összefogó – általános vizuális műveltségben egyaránt iránymutató, illetve tájékozódást biztosít, a szakmának és az érdeklődő szélesebb közönségnek egyaránt.&nbsp;</span>A régi-új Magyar Építőművészet évi 6 lapszámmal, minden második hónapban jelenik meg.</p>
<p><strong>Szerkesztőség</strong></p>
<p>Építészek Háza &#8211; Magyar Építőművészek Szövetségének székháza<br />
Cím: 1088 Budapest, Ötpacsirta u. 2.<br />
E-mail: epitomuveszet(at)gmail.com<br />
Telefon: +36 1 318 2444 (116-os mellék)</p>
<p>Szerdánként 10-16 óra között, az I. emeleti irodában tartjuk a szerkesztőségi napot.<br />
Előfizetéssel kapcsolatos ügyintézés: kedd délelőtt</p>
<p>Építészeti események bemutatkozó anyagát (helyszín, időpont, leírás, kép) az epitomuveszet(at)gmail.com e-mail címen várjuk!</p>
<p>Lapalapító (1903) és kiadó: Magyar Építőművészek Szövetsége<br />
1088 Budapest Ötpacsirta u 2.</p>
<p>Folyóirat támogatók: Nemzeti Kulturális Alap</p>
<p>Felelős kiadó: Krizsán András, a MÉSZ elnöke<br />
Főszerkesztő: Szegő György DLA<br />
Főmunkatárs: Botzheim Bálint<br />
Olvasószerkesztő: Götz Eszter<br />
Fotószerkesztő: Bujnovszky Tamás</p>
<p>Nyomdai előkészítés: Kludovácz András<br />
Nyomtatás: deMax Művek<br />
Lapterv: Kludovácz András</p>
<p><strong>meonline.hu</strong><br />
Webszerkesztő:&nbsp;Schäffer Zsuzsa<br />
Vizuális kultúra &#8211; rovatszerkesztő: Hornyik Sándor</p>
<p><strong>HIRDETÉSFELVÉTEL</strong><br />
Hirdetésszervező: Cser Márta<br />
Tel: +36 20 484 9044<br />
e-mail: <a href="mailto:epitomuveszet@gmail.com">epitomuveszet@gmail.com</a></p>
<p>Terjeszti a MÉSZ megbízásából a MÉ szerkesztősége</p>
<p><strong>ELŐFIZETHETŐ</strong> a szerkesztőségben vagy online webshopunkban: <a href="http://webshop.meonline.hu">webshop.meonline.hu</a><br />
Előfizetésben terjeszti továbbá a Magyar Posta Zrt. Hírlap Üzletága. Előfizethető az ország bármely postáján, a hírlapkézbesítőknél, Budapesten a Hírlap Területi Képviseleteken.<br />
E-mail: <a href="mailto:hirlapelopfizetes@posta.hu">hirlapelopfizetes@posta.hu</a><br />
További információ: 60 80 444&nbsp;444</p>
<p>Előfizetési díj egy évre: 8.700 Ft<br />
Külföldre: Európába 87 EUR, tengerentúlra 128 USD<br />
Egy lapszám ára: 1.580 Ft</p>
<p>KEDVEZMÉNYEK:<br />
A diák előfizetés (érvényes diákigazolvány másolatot kérünk): 6.600 Ft / év.<br />
Visszamenőleges speciális igényeket, hiányzó lapszámok megrendelését – a lehetőségek függvényében – kedvezményesen teljesítjük.</p>
<p><strong>A régi-új Magyar Építőművészet megvásárolható</strong><br />
a nagyobb IMMEDIO hírlapárusoknál, illetve&nbsp;a következő könyvesboltokban:<br />
FUGA 1052 Budapest, Petőfi Sándor utca 5.<br />
Írók boltja 1061 Budapest, Andrássy út 45.<br />
Építésügyi Tájékoztatási Központ 1074 Budapest, Hársfa utca 19.<br />
Récsei Líra Szakkönyváruház 1146 Budapest, Istvánmezei út 6.<br />
Vince Galéria és Könyvesbolt 1072 Budapest, Klauzál tér 13.<br />
Művészetek Palotája 1095 Budapest, Komor Marcell utca 1.<br />
Vince Könyvesbolt 1013 Budapest, Krisztina körút 34.<br />
Budagyöngye Bevásárlóközpont 1026 Budapest, Szilágyi Erzsébet fasor 121.</p>
<p><strong>A Magyar Építőművészek Szövetsége bankszámlaszáma:</strong> K&amp;H Bank 10201006-50197952<br />
Adószám: 19661380-2-42</p>
<p>&nbsp;</p>
<p><img loading="lazy" class="alignnone size-full wp-image-12871" src="http://meonline.hu/wp-content/uploads/2010/01/impresszum.jpg" alt="impresszum" width="600" height="312" srcset="https://meonline.hu/wp-content/uploads/2010/01/impresszum.jpg 600w, https://meonline.hu/wp-content/uploads/2010/01/impresszum-250x130.jpg 250w, https://meonline.hu/wp-content/uploads/2010/01/impresszum-300x156.jpg 300w" sizes="(max-width: 600px) 100vw, 600px" /></p>
<p>&nbsp;</p>

<p>Kapcsolat A régi-új&nbsp;Magyar Építőművészet // Hungarian Architecture&nbsp;a magyar kulturális élet egyik legrégebben fennálló, 2013-ban 100. évét ünneplő folyóirata, alapvető kordokumentuma, amely Magyarországon egyedülálló módon, vezérfonalát üzleti szempontok helyett az építészeti minőség és a kultúra mentén fogalmazza meg. Olyan átfogó képet ad a kortárs hazai és nemzetközi építészet eredményeiről, amely a szakma folyamatos fejlődésében, az oktatásban, [&hellip;]</p>
